{"id":11,"date":"2016-09-27T11:11:33","date_gmt":"2016-09-27T11:11:33","guid":{"rendered":"http:\/\/ld-wp.template-help.com\/wordpress_58970-sample\/?page_id=11"},"modified":"2017-11-01T20:56:24","modified_gmt":"2017-11-01T20:56:24","slug":"somos","status":"publish","type":"page","link":"https:\/\/cabanasaquablue.com\/hotel\/somos\/","title":{"rendered":"Rese\u00f1a"},"content":{"rendered":"<p>Rese\u00f1a Hist\u00f3rica Nace en el a\u00f1o 1971, como HOTEL LA FRAGATA, el cual tuvo varios due\u00f1os hasta inicios del 2005, pues fue vendido a un grupo de inversionistas, los cuales aportaron un capital para su pronta remodelaci\u00f3n f\u00edsica. \u00a0En el\u00a02011, se transform\u00f3 en INSETUR SAS,  <a href=\"https:\/\/cabanasaquablue.com\/hotel\/somos\/\" title=\"Read more on Rese\u00f1a\" class=\"more-link\">read more<\/a><\/p>\n","protected":false},"excerpt":{"rendered":"<p>Rese\u00f1a Hist\u00f3rica Nace en el a\u00f1o 1971, como HOTEL LA FRAGATA, el cual tuvo varios due\u00f1os hasta inicios del 2005, pues fue vendido a un grupo de inversionistas, los cuales aportaron un capital para su pronta remodelaci\u00f3n f\u00edsica. \u00a0En el\u00a02011, se transform\u00f3 en INSETUR SAS, read more<\/p>\n","protected":false},"author":1,"featured_media":0,"parent":0,"menu_order":0,"comment_status":"closed","ping_status":"closed","template":"","meta":{"footnotes":""},"class_list":["post-11","page","type-page","status-publish","hentry","no-thumb"],"_links":{"self":[{"href":"https:\/\/cabanasaquablue.com\/hotel\/wp-json\/wp\/v2\/pages\/11","targetHints":{"allow":["GET"]}}],"collection":[{"href":"https:\/\/cabanasaquablue.com\/hotel\/wp-json\/wp\/v2\/pages"}],"about":[{"href":"https:\/\/cabanasaquablue.com\/hotel\/wp-json\/wp\/v2\/types\/page"}],"author":[{"embeddable":true,"href":"https:\/\/cabanasaquablue.com\/hotel\/wp-json\/wp\/v2\/users\/1"}],"replies":[{"embeddable":true,"href":"https:\/\/cabanasaquablue.com\/hotel\/wp-json\/wp\/v2\/comments?post=11"}],"version-history":[{"count":36,"href":"https:\/\/cabanasaquablue.com\/hotel\/wp-json\/wp\/v2\/pages\/11\/revisions"}],"predecessor-version":[{"id":2731,"href":"https:\/\/cabanasaquablue.com\/hotel\/wp-json\/wp\/v2\/pages\/11\/revisions\/2731"}],"wp:attachment":[{"href":"https:\/\/cabanasaquablue.com\/hotel\/wp-json\/wp\/v2\/media?parent=11"}],"curies":[{"name":"wp","href":"https:\/\/api.w.org\/{rel}","templated":true}]}}